 Calculate the greatest common divisor of g and p.
1
Let q be 1596/285 + 4/10. Suppose 6 = -0*a + 3*a. Suppose 120 = -a*u + q*u. Calculate the greatest common factor of u and 240.
30
Suppose -229*k + 366*k - 186*k = -14700. Calculate the greatest common divisor of k and 39300.
300
Let z = 1905 + -1324. Suppose -46*l + 41*l - 3*q + 44 = 0, -5*q + 22 = l. What is the highest common divisor of z and l?
7
Let s(n) be the first derivative of n**3/3 - 29*n**2/2 + 87*n + 21. Let y be s(26). What is the highest common divisor of y and 144?
9
Suppose 6*s - b - 28 = 5*s, -4*b - 58 = -2*s. Let k be -324*((-15)/(-4))/(-5). What is the greatest common divisor of k and s?
27
Let i = -175 - -174. Let a(c) = -28*c - 6. Let p be a(i). What is the greatest common divisor of p and 638?
22
Let v(r) = -r**2 - 80*r + 286. Let w be v(-74). What is the greatest common factor of 3942 and w?
146
Let r be 1022 + (-5 - 17 - 1). Calculate the greatest common factor of r and 6549.
111
Suppose 3*u = -2*b + 2 + 37, 5*u - 37 = -2*b. Let v = 146 + -90. What is the highest common factor of b and v?
7
Let d be (-31)/11 - 2/11 - (9 + -45). Calculate the greatest common factor of 24 and d.
3
Suppose -5*p - 5 = 5, 2*p = -2*m. Suppose 34 - 18 = m*u. Suppose -2*g = -j - 6*g + 84, -4*g + 212 = 3*j. What is the greatest common divisor of u and j?
8
Let j = -1852 + 1977. Calculate the highest common divisor of 1625 and j.
125
Suppose -3*c + 48*c - 8775 = 0. Calculate the highest common factor of 165 and c.
15
Suppose 14118 = 2*d - 4*j, 2*d - 5*j - 2056 = 12058. Calculate the greatest common factor of 37 and d.
37
Let j = -106 + 156. Suppose 17*r - 31*r + 27*r - 390 = 0. What is the greatest common factor of j and r?
10
Let d be (-6565)/(-10)*(-176)/(-44). Calculate the highest common factor of d and 52.
26
Suppose 121*k - 52200 - 35525 = 0. What is the greatest common factor of 225 and k?
25
Let i = 5887 + -4063. Calculate the greatest common divisor of i and 38.
38
Suppose -20 = 3*l - 7*l. Suppose l*h - 19 = -3*q, 15 = 3*q + 2*q. Suppose 0 = 85*g - 37*g - 672. What is the greatest common factor of h and g?
2
Suppose 0 = 5*g - 3*p - 20, -g + 2*p - 12 = -4*g. Suppose 5*y = -g*s + 62, -9*s - 38 = -2*y - 4*s. What is the greatest common divisor of y and 14?
14
Let w(b) be the third derivative of -3*b**5/20 + 2*b**3/3 - 27*b**2. Let n be w(2). Let c = n + 45. What is the highest common factor of c and 52?
13
Let y be 16 + 5 + -12 - -42. Suppose 7*v - 3*v - 68 = 0. What is the highest common divisor of y and v?
17
Let i(s) = -s**3 - 11*s**2 - 12*s - 57. Let p be i(-11). Suppose -14*k + 11*k = -p. What is the highest common divisor of k and 10?
5
Let d be 225/(-90)*(1 + 1)*(-252)/10. What is the highest common divisor of 9 and d?
9
Let h = 3018 - 3014. Calculate the highest common divisor of h and 163.
1
Let b be (0/8 - 7)*(3 - 2). Let i be b + 25 - (-1 + -1). Calculate the highest common factor of i and 140.
20
Suppose -3*b + 7404 = -3*a, -4*b - 2*a + 6646 = -3184. What is the highest common divisor of 642 and b?
107
Let s = -841 - -846. Calculate the highest common factor of s and 5515.
5
Let r(i) = i**2 - 2*i - 5. Let x be r(5). Suppose 3*u - x - 5 = 0. Suppose v = 4*w + 2, 4*v - 3*w - 14 = 2*v. Calculate the greatest common divisor of v and u.
5
Let x be -7 - 8/(-2) - (-6 + 0). Suppose 2*q - 4*y - 49 = q, x*y - 72 = -3*q. Let m = q + 40. What is the highest common factor of m and 46?
23
Suppose 3*c + z = 53, z - 80 + 90 = 0. Let k be 2*1*(-1218)/(-4). What is the highest common factor of k and c?
21
Let a be ((-3)/4)/((2/8)/(-1)). Let y be (876/16 + -3)/(a/12). Suppose -4*j + y = 5*j. Calculate the highest common divisor of j and 23.
23
Let u(o) = 140*o**3 - o**2 - o - 3. Let p be u(2). Let l(m) = -m**3 - 15*m**2 - 15*m + 8. Let j be l(-14). What is the greatest common divisor of j and p?
11
Suppose -2*c + 3 = -9. Let w = 225 - 219. Suppose 0 = -14*b - w*b + 160. What is the greatest common divisor of b and c?
2
Let q(n) = -3*n**2 + 26*n - 7. Suppose 4*i + 7*i + 737 = 0. Let z = i - -75. Let w be q(z). Calculate the greatest common divisor of 99 and w.
9
Let l(h) = 16*h**2 + h - 8. Let o be l(-3). Let b = 238 - o. Suppose 3*m - 4*m + 18 = 3*j, 5*m - 4*j = 109. What is the greatest common divisor of m and b?
21
Let b = 23823 + -23228. Calculate the highest common factor of b and 1400.
35
Suppose 0 = 77*p - 101*p + 192. Suppose 24 = p*w - 360. Calculate the highest common divisor of 48 and w.
48
Suppose 603*m + 1952 = 619*m. Calculate the highest common divisor of 2257 and m.
61
Suppose 15*t = 12*t + 537. Let k = -35 + t. Suppose 4 = 4*o - 60. Calculate the highest common factor of k and o.
16
Let h(i) = -i**3 - 3*i**2 - 5*i - 2. Let f = -12 + 8. Let m be h(f). Suppose -84*q + 2353 = -223 - 4564. What is the greatest common divisor of m and q?
17
Let v(q) = -290*q + 892. Let w be v(3). Let s(d) = d**3 + d**2 + 11. Let o be s(0). Calculate the greatest common divisor of w and o.
11
Let u be 93/5*(-12 + 17). Let l = -92 + u. What is the highest common factor of l and 4?
1
Suppose 5*b - 35 = g + g, 4*g = 2*b - 30. Let l be (((-15)/g)/3)/((-1)/(-2)). Let s be (23 - -4 - -1)/l. What is the greatest common divisor of 112 and s?
14
Let j be (-38)/(-4)*((-770)/(-33) - 12/9). Calculate the highest common factor of 57 and j.
19
Let j = -16 + 39. Let t = -8 + j. Let z(r) = 24*r**2 + r + 2. Let b be z(-1). What is the highest common factor of b and t?
5
Let o(w) = w**2 - 6*w - 13. Let x be o(10). Let s = x + 0. Let d be 6*(0 + 7)*18/4. Calculate the highest common factor of d and s.
27
Let w(n) = -78*n - 436. Let q be w(-6). Calculate the highest common factor of 26 and q.
2
Let o = -75 + 83. Suppose 0 = o*p - 90 - 38. Calculate the highest common divisor of 8 and p.
8
Let l = 597 + -691. Let n = -290 - -202. Let f = n - l. Calculate the highest common factor of 10 and f.
2
Suppose -53*g - 148 = 10*y - 9*y, 3*g + 9 = 0. What is the greatest common divisor of y and 73425?
11
Let v = 26083 + -25855. Calculate the highest common factor of 1284 and v.
12
Let t be 1*7*((-45)/(-21))/5. Let j be (24/(-14))/(40/(-210)). Calculate the highest common factor of j and t.
3
Let z = -314 + 328. Let q = -4 + 18. Calculate the greatest common factor of z and q.
14
Let h be (-5 + 3)*(495/2)/3. Let i = 177 + h. What is the greatest common factor of 4 and i?
4
Let i be (-4)/(-18) + (-960)/(-54) + -1. Let r = -642 - -761. What is the highest common factor of r and i?
17
Let b = -23660 + 34457. Calculate the greatest common divisor of b and 549.
183
Let c = -46558 - -46559. Let y(a) = a**2 + 4. Let z be y(0). What is the highest common divisor of c and z?
1
Suppose -2*d - 5 + 1 = 0. Let t(h) = 4*h**3 + 3*h**2 + 7*h + 5. Let p be t(d). Let i be (-4)/(-4) + p/(-1). Calculate the highest common divisor of i and 60.
30
Let f(h) = -5*h - 19. Let x(z) = 15*z + 40. Let o(k) = 5*f(k) + 2*x(k). Suppose 5*a - 4 = 56. Let r be o(a). Calculate the highest common divisor of r and 5.
5
Let c(f) = -f**3 - 14*f**2 + 5*f + 126. Let b be (-26 + -2)*(-15)/(-30). Let o be c(b). What is the greatest common divisor of 98 and o?
14
Let c(y) = y**2 - 3*y + 3. Let q be c(0). Suppose -q*r = -4*x - 217, r = 2*r + 5*x - 85. What is the highest common divisor of 100 and r?
25
Let i be 187/209 + 8/76 + 0. Suppose -g = -6*g + 20. Suppose 0 = 5*b - g*b - 11. What is the greatest common factor of b and i?
1
Suppose 3*i = 2*r + 29, 142*r = -4*i + 143*r + 37. What is the highest common divisor of 6921 and i?
9
Suppose 0 = 3*i - o - o - 1352, 2*i = -3*o + 884. Let u = -374 - -402. What is the greatest common divisor of i and u?
28
Let w be 20850/(-70)*(-12 - -5). What is the highest common divisor of w and 15?
15
Suppose -c = 3*c - 12. Let d(k) = 2 + 1 + 26*k - 49*k + 2 + k**2 + 22*k. Let n be d(c). What is the greatest common factor of 22 and n?
11
Suppose n = -2*m + 57, n + 5*m + 36 = 2*n. Suppose 5*s = 891 - n. Calculate the greatest common divisor of s and 420.
84
Let t(h) = h**2 - 20*h - 161. Let v be t(-7). Calculate the greatest common divisor of v and 524.
4
Suppose 21*t - 17316 = 20*t - 3*z, -t = 2*z - 17316. Suppose -t = -29*n - 8*n. Calculate the greatest common factor of 24 and n.
12
Suppose 0 = -384*n + 381*n + 48. Let j(z) = -z**2 + z - z*